3/p*-2. Let x be ((-3)/y)/(2/(-4)). Calculate the highest common factor of 3 and x.
3
Let i be ((-228)/19)/((-3)/8). Calculate the highest common divisor of 32 and i.
32
Suppose 0*w = w. Suppose w*f = -2*f + 24. What is the greatest common divisor of f and 108?
12
Suppose 2 - 3 = -s. Calculate the greatest common divisor of 7 and s.
1
Let o be 4/(-14) + (-3 - (-657)/21). What is the greatest common factor of o and 140?
28
Suppose 20 = 5*b, -8 = 4*l + 4*b - 44. Let y = 2 + 0. Suppose y*a - 224 = -4*u, -u = 4*u - l*a - 250. Calculate the greatest common divisor of u and 9.
9
Let a(l) be the first derivative of l**3/3 - 3*l**2 - 1. Let p be a(7). Let r = -63 + 119. Calculate the highest common divisor of r and p.
7
Suppose 4*t + 0*t - 8 = 0. Let z be (-34)/4*(t + -4). Suppose 0 = 3*o - 555 + 96. Calculate the highest common factor of o and z.
17
Let f = 125 + -55. Calculate the greatest common divisor of 7 and f.
7
Let p(f) = -2*f. Let l be p(-1). Suppose -3*y = -0*y. Let h be -1*1*(-16 + y). Calculate the highest common divisor of h and l.
2
Suppose 12 = -3*l - 0. Let h(v) = -v**3 - 4*v**2 - v. Let d be h(l). What is the highest common divisor of 28 and d?
4
Let k = 5 - 1. Calculate the greatest common divisor of k and 44.
4
Let u(s) = -s**2 + 8*s + 11. Let f be u(9). Suppose -41 = -f*g - 5. What is the highest common factor of g and 2?
2
Suppose -4*m + 0*c + 4*c = -124, -3*c = -4*m + 129. What is the highest common divisor of m and 96?
12
Let v(a) = -a + 4. Let k be v(0). Suppose -7 - 8 = -5*t. Suppose 2*s - 5 = -t*s. Calculate the greatest common divisor of s and k.
1
Let u be (-88)/(-2) + 4/2. Let w = 0 - 0. Suppose w = l + 4*k - 0 - 11, 9 = -3*k. Calculate the greatest common divisor of u and l.
23
Suppose 29 - 9 = 4*w. Suppose -w*a - 60 = -270. What is the greatest common factor of a and 14?
14
Let l = 5 + 13. Suppose 5*m + 0*m = -z + 635, -5*m - 5*z + 655 = 0. What is the highest common divisor of m and l?
18
Let x(l) = -4*l**2 + 3*l**2 - 4*l - 5*l - 5. Let n be x(-6). Let y be 26/((-3)/(-6) - 6/(-4)). What is the highest common factor of y and n?
13
Let u be (1 - -13)*-1*6*-1. Calculate the highest common factor of 12 and u.
12
Suppose -16*i = -19*i + 114. Calculate the highest common divisor of 95 and i.
19
Let r(d) = d**2 - 5*d - 4. Let o be r(-7). Let m(f) = -f**3 + 4*f**2 + 1. Let j be m(3). What is the highest common divisor of j and o?
10
Suppose -4*g + 8 + 12 = 0. Suppose 5*u = 27 - 7, -g*k = -u - 366. Let o = -18 + k. Calculate the greatest common factor of o and 7.
7
Let g(z) = 9*z**2 + 9*z + 9. Let p be g(-6). Calculate the highest common factor of p and 31.
31
Suppose -7*h + 3*h + 280 = 0. Let u(g) = 3*g - 5. Let i be u(4). Calculate the highest common divisor of h and i.
7
Suppose 2*q - 109 - 3 = 0. Suppose -4*w + 8*w = q. Calculate the greatest common factor of 35 and w.
7
Suppose -u - u = -5*k + 13, -3*k - 17 = 5*u. Let q = 4 + k. Suppose -5 = -4*z - 0*h - q*h, 2*z + 3*h = 1. Calculate the highest common factor of 45 and z.
5
Let y(h) = -h**3 - 2*h**2 - h - 2. Let b be y(-3). What is the highest common divisor of 4 and b?
2
Let g(n) = -3*n - 33. Let h be g(-16). Calculate the highest common factor of 105 and h.
15
Let l be (-61)/(-7) + (-2)/(-7). Calculate the highest common divisor of 9 and l.
9
Suppose 2*o - 3*v = 114, -101 = -2*o + 5*v + 9. What is the highest common divisor of o and 150?
30
Let s be (-3)/(-2)*-10 + -1. Let j = 2 - s. Let y be (-6)/21 + j/14. Calculate the highest common factor of y and 2.
1
Let u(b) = -b**3 + 6*b**2 - 7. Let x be u(5). Suppose 0*m - 72 = -2*m. Calculate the highest common factor of m and x.
18
Let u be 366/216*4 + 2/9. Let x(r) = r**2 + 17*r - 3. Let t be x(-7). Let p = -45 - t. Calculate the greatest common factor of u and p.
7
Let f(q) = -8*q + 4. Let d be f(-3). Let c = -25 + 27. Suppose 6*t - d = c*t. What is the highest common factor of 63 and t?
7
Let y(h) = h**2 - 1. Let f be y(-2). Let m(c) = -c + 6. Let i be m(5). Let u = f + i. What is the highest common factor of 1 and u?
1
Let b be (-2 + 2)/(0 - -1). Suppose b = -6*f + 4*f + 24. Let d = -9 + f. What is the highest common factor of 6 and d?
3
Let n = -82 - -141. Suppose 2*l = 4*l + 78. Let i = l + n. Calculate the highest common factor of i and 80.
20
Let h be (-1 + 8 - 3)/1. Suppose -10 = -5*o + 4*z - 5*z, 5*o + 5*z = -10. Let t = o - -1. What is the highest common divisor of h and t?
4
Suppose f + 237 = n + 11, 0 = -5*n - 3*f + 1162. Calculate the highest common divisor of 23 and n.
23
Let a(b) = b**2 + 6*b - 14. Let t be a(-14). What is the greatest common divisor of t and 245?
49
Suppose k + 4*k - 10 = 0, -5*k - 6 = -4*z. Suppose l + 0 = z. What is the greatest common divisor of l and 44?
4
Let q(n) = -n**3 + n**2 - 24. Let p be q(0). Let o = -7 - p. What is the greatest common divisor of 153 and o?
17
Let i = 2 + 1. Let h be (-506)/(-4) - (-2)/(-4). Suppose i*c = 5*c - h. What is the greatest common factor of c and 9?
9
Let b be (-428)/(-5) - ((-6)/(-10))/1. Let n(h) = -h**2 - 6*h + 5. Let m be n(-6). Let d be -2 + 1 + 7*m. Calculate the highest common factor of d and b.
17
Let m be (4 - -20) + 0 + -1. Suppose -q = 3*q - 64. Let a = m - q. What is the highest common factor of a and 77?
7
Suppose 4*i = -4*q + 2*i + 352, -i - 94 = -q. Suppose 1 = m - 3. Suppose 5*n = 2*c - 10 - 72, -c = m*n - 28. Calculate the greatest common divisor of c and q.
18
Suppose -8 = 2*x - 4*x. Suppose -8 = 5*v + 3*a - a, -5*v + x*a = -16. Suppose 2*d + 6 = v, 0*w - w + 39 = -d. Calculate the greatest common factor of w and 24.
12
Suppose -132 = -2*i - 60. What is the highest common divisor of i and 90?
18
Let d = -11 + 15. What is the highest common divisor of 44 and d?
4
Let o be ((-90)/(-35))/(6/28). Suppose 2*f - 3*f - 3*d = -23, -o = -4*d. Calculate the greatest common divisor of f and 42.
14
Let q = -29 - -57. Let k be 4/14 + (-156)/(-42). Calculate the greatest common divisor of q and k.
4
Suppose -5*k + 0*w + 45 = -5*w, -5*k + 18 = 4*w. Let r(z) = -z**3 + 6*z**2 + 2*z + 3. Let d be r(k). Calculate the greatest common factor of d and 30.
15
Let a = 4 - -4. Let m be (-3)/(-2 - 3/(-6)). Suppose -m*q + f = 2*f - 114, -f = 5*q - 282. Calculate the highest common divisor of q and a.
8
Suppose -3*d - 60 = -4*a + 20, 0 = a + 3*d - 5. What is the highest common divisor of a and 68?
17
Suppose 9 + 153 = 3*r. Suppose -21 + r = 3*i. What is the greatest common divisor of 1 and i?
1
Suppose 32 = 2*d + 2*d. Let h(w) = 11*w**2 - 2*w. Let v be h(2). What is the greatest common divisor of d and v?
8
Let z = 41 + -34. What is the greatest common divisor of 14 and z?
7
Let z(r) = 2*r**2 + r - 36. Let f be z(-8). What is the highest common factor of f and 12?
12
Suppose -4*a + 0*h + 28 = -h, -5*a = 5*h - 60. Let s(u) = -12*u - 16. Let l be s(-6). Calculate the greatest common divisor of l and a.
8
Let r be 3 + 1 + 11 - 1. Calculate the greatest common divisor of 35 and r.
7
Suppose 5*j = 11 + 34. Let a(w) = 2*w**3 - 5*w**2 - 13*w + 3. Let t be a(5). What is the highest common divisor of j and t?
9
Let x be (-2)/(-4) - (-95)/10. What is the highest common divisor of 20 and x?
10
Suppose 5*f - 242 = -4*w, 5*f = 2*w - 12 - 124. Suppose -3*s + w = -0*s. What is the highest common divisor of s and 3?
3
Suppose -a + 75 + 20 = 0. What is the highest common factor of 19 and a?
19
Let l(h) be the second derivative of 12*h**4 + 2*h + 1/2*h**2 - 1/3*h**3 + 0. Let w be l(1). Calculate the greatest common divisor of w and 13.
13
Let r = 3 + 2. Suppose 3*v - r*n + 2*n - 3 = 0, -41 = 4*v + 5*n. Let m be (16/(-6))/(v/6). What is the highest common factor of 4 and m?
4
Let g(w) = -w + 1. Let y be g(7). Let j be y/12*(-10 - 0). What is the greatest common factor of j and 1?
1
Let h be 4/(-14) + (-912)/(-7). What is the greatest common divisor of h and 26?
26
Let i(c) = -c - 11. Let j be i(-12). Suppose 0 = -r + 2, j + 121 = 4*f + r. What is the greatest common divisor of 60 and f?
30
Let o = 140 - 130. Suppose -1 = -2*n + 79. Calculate the greatest common factor of n and o.
10
Let w be 3*22 + 7 + -10. Calculate the greatest common factor of 9 and w.
9
Let z = -4 + 8. Suppose -3*y = -z*y. Suppose -3*u + 494 - 143 = y. Calculate the greatest common divisor of 13 and u.
13
